Let h(r) = r**3 - 13*r**2 - 12*r - 8. Calculate h(j).
20
Let v(b) = 9*b**3 + 14*b**2 + 14*b - 12. Let q(a) = -14*a**3 - 21*a**2 - 22*a + 19. Let k(y) = -5*q(y) - 8*v(y). What is k(-3)?
-2
Let o(q) be the first derivative of 1/4*q**4 + 5*q - 2*q**3 - 62 - 4*q**2. Give o(7).
-2
Let q(x) be the first derivative of -6*x**2 - 6*x + 525. Determine q(-5).
54
Suppose -35 = 4*h + 3*v, 0 = -h + v + 2*v - 5. Let g = 11 + h. Let x(w) = -6*w + 6*w**2 + 8*w - 4 - 4*w - 4*w**2 + 0. Determine x(g).
8
Suppose -5*n - 4*w - 51 = 0, -3*w = -2*n + 4 - 29. Let b(k) = 2*k + 15. Determine b(n).
-7
Let n(v) = -v**2 - 11*v**3 + 4*v**2 - 2*v**2 + v. Suppose -14*h + 7 = -21*h. Give n(h).
11
Let l(i) = i**2 + 3*i + 6. Let n(u) = u**2 - 15*u + 61. Let s be n(6). Suppose -s*f = f + 32. Calculate l(f).
10
Let p be 0 + 4/2 - -7. Let z(m) = -m**2 - 27075 + 0*m**2 + 7*m + 27087. Give z(p).
-6
Let d(m) = -15*m + 4. Suppose 4*u + 2 = 2*b, 4*u + 10 - 11 = b. Give d(u).
-11
Let f be ((-2 + 10)/2)/(-1). Let m(o) = -o**3 + 0*o**3 + 7*o - 4*o**2 - 7*o + 2*o - 7*o. Give m(f).
20
Let m(w) = w**2 + 7*w - 2. Let c(l) = 8*l**2 + 63*l - 26. Let y(o) = c(o) - 10*m(o). Calculate y(0).
-6
Let k(z) = -69*z**3 - 13*z**2 + 2*z**2 + 131*z**3 - 63*z**3 - 1 + 2*z**2. Calculate k(-9).
-1
Let r = 1986 - 1987. Let u(j) = 6*j**3 + j**2 - j - 1. What is u(r)?
-5
Let c(b) be the second derivative of -b**3/2 - 10*b**2 - 1044*b. Determine c(4).
-32
Let u be 1/(-3) + (-34)/(-102). Let k be (u - -13)/(-3 - -5)*2. Let a(n) = 9*n**3 - 9*n + 9*n**2 + 3*n**3 + 5 - k*n**3. What is a(8)?
-3
Let c(g) be the third derivative of g**4/12 - g**3/3 + 15*g**2. Let v(a) = -2*a + 14. Let k be v(6). Suppose -4*b = r + 30, 0*b + k*b - r = -12. What is c(b)?
-16
Let s(c) = -3 + 0 + 6 + 32*c + 7 - 28*c. Give s(-6).
-14
Let v(c) = 5742*c - 8 + 34 - 5754*c + 4*c**2 - 5*c**2. Determine v(-15).
-19
Let y(d) = -277*d - 16326. Let f be y(-59). Let l(z) = -7*z**2 + 116*z + 42. Calculate l(f).
-9
Suppose 3*p + 3*o = 15, 8*o + 4 = 9*o. Let n(r) = r**2 - 5*r - 12. Let l(f) = -2*f - 1. Let v(m) = p*n(m) - 4*l(m). Give v(4).
20
Let k(b) = 2*b**2 - 4*b**3 + 3 - 6 + 4 - 2*b + b**3. Suppose -w = 2*w + m + 17, 2*m - 2 = 3*w. Let v = w + 5. Give k(v).
-2
Suppose -5*t + 5*r = 2*r + 24, -2 = -t + 4*r. Let y = -4 - t. Let i(z) = -3*z + z + z**3 - 10 + 12 - 3*z**y. What is i(4)?
10
Let w(b) = -7*b + 56. Let d = 2923 + -2916. Give w(d).
7
Let t(d) = -11*d**2 - 3*d - d**2 + 13*d**2 - 4. Suppose 3*b + 4*g - 8 - 12 = 0, 0 = -g + 2. What is t(b)?
0
Suppose -105*c + 106*c = -0 + 4. Let g(y) = -y**2 - 2*y + 13. Determine g(c).
-11
Let r(y) = y**3 - 7*y**2 - y + 10. Suppose 0 = -3*o + 14*d - 11*d + 93, 185 = 5*o + d. Suppose o*i = 304 - 52. What is r(i)?
3
Suppose l - 34 = -3*q, 0 = -39*l + 41*l - 9*q + 97. Let p(f) = 2*f + 9*f**2 - 3 + 4 - 4*f. What is p(l)?
8
Let a(c) = -c - 19. Let t = -616 - -607. Let w(o) = -28*o - 260. Let g be w(t). Determine a(g).
-11
Let z(t) be the first derivative of 31 - 1/3*t**3 - 13/2*t**2 - 10*t. Calculate z(-8).
30
Let f = -181 + 174. Let s(o) = -2*o**2 - 8*o - 32*o**3 + 10 + 8*o**2 + 33*o**3. Determine s(f).
17
Let a(f) be the second derivative of -f**5/20 + 2*f**4/3 - 4*f**3/3 - 3*f**2 + 2*f. Let h = -1848 + 1854. Determine a(h).
18
Let w be ((-1)/2)/(2/(-8)). Let h(q) = -5*q - 6*q**2 + 1 - w*q + 5*q. Let r be h(-1). Let z(b) = b**3 + 3*b**2 - 5*b - 3. Give z(r).
12
Let v(p) be the first derivative of -p**3/3 - 4*p**2 + 21*p + 4783. Determine v(4).
-27
Let v(p) = 9*p**3 - 23*p**2 + 7*p + 5. Let q(i) = -5*i**3 + 12*i**2 - 4*i - 3. Let f(z) = -11*q(z) - 6*v(z). Let k = 2824 + -2829. Calculate f(k).
18
Let d(y) = -3*y - 1. Suppose 2*x + 3*k - 33 + 14 = 0, -3*k - 36 = -3*x. Suppose 0 = 4*h - 15*h + x. Give d(h).
-4
Let t(g) = -g**3 - 7*g**2 + 20*g + 11. Suppose -5*l + 181 = -5*f + 226, -5*f = 4*l + 27. Determine t(l).
-85
Let j(w) = -76*w - 79*w - 82*w + 15 + 243*w. Determine j(-3).
-3
Let w(h) = -6*h + 139. Let d(m) = 15. Let v(p) = 10*d(p) - w(p). Calculate v(0).
11
Let p(x) = -x**3 - 9*x**2 + 9*x - 16. Suppose -137 = 28*u + 143. Calculate p(u).
-6
Let s(b) = -3*b**3 - 2*b**2 + 1. Let y = -119 + 114. Let h be (y + 8)/(6*4/(-16)). What is s(h)?
17
Suppose -4*p - 602 = -582. Let h(k) = 291*k + 1 - 10 - 294*k. What is h(p)?
6
Let i(w) = w**2 - 7*w - 9. Let a(n) = -46*n - 114. Let f(c) = 24*c + 57. Let t(s) = 4*a(s) + 7*f(s). Let r be t(-4). What is i(r)?
-9
Let d(n) = 41 + 54 - n**2 + 38*n - 101 - 93. Determine d(35).
6
Let q = 280 + -103. Let m = 171 - q. Let z(f) = -f**2 - 7*f - 1. Calculate z(m).
5
Suppose 5*f - 3 = 4*z, -3*f - 5*z - 7 = -3*z. Let l be (f - 19)*(-7)/7. Suppose -2*a - l = 8*a. Let j(w) = w**2 + 2*w + 2. Determine j(a).
2
Let f(g) = -4*g**3 - 74 - 7*g - 22*g**2 + 93 - 14*g. Let u(l) = 3*l**3 + 15*l**2 + 14*l - 13. Let o(k) = -5*f(k) - 7*u(k). Give o(6).
2
Let j(t) = -1116*t + 2242*t - 1125*t - 18. What is j(17)?
-1
Let q be 2/4 + (-15)/(-6). Let p(a) = a**2 - 9 - 2 + 13 - q*a - 5. Let u = -258 + 264. Give p(u).
15
Let b(o) = -13*o**2 - 123*o + 3. Let r(a) = -7*a**2 - 68*a + 1. Let s(n) = -6*b(n) + 11*r(n). Calculate s(12).
17
Let i = -10 - -7. Let x(c) = -c**3 - 5*c**2 - 6*c. What is x(i)?
0
Let x = 28 + -10. Suppose x = o + o. Let p(h) = 0*h**2 + h**3 - 9*h**2 - 862 + 1715 - 849. Give p(o).
4
Let i(w) = -2*w**3 + 43*w**2 - 18*w + 10. Let k(o) = o**3 - 10*o**2 - 33*o - 57. Let d be k(13). What is i(d)?
73
Suppose -104*p + 265 = -255. Let w(t) be the first derivative of 1/2*t**2 + p*t - 10. Calculate w(-5).
0
Let h(r) = -9*r**2 + 14*r - 8. Let p(v) be the second derivative of 4*v**4/3 - 13*v**3/3 + 15*v**2/2 + 263*v. Let a(o) = 7*h(o) + 4*p(o). Determine a(3).
-5
Let i(j) = 3*j**2 - 3*j - 1. Let f(r) = -4*r**2 + 8. Let d(q) = 2*f(q) + 3*i(q). Let n be 7*(-8)/28*-2. What is d(n)?
-7
Let g(m) = -m**2 - 7*m. Let n(b) = 2*b + 34. Let p be n(-15). Suppose 4*i = 3*h - 1, p*i - i = -4*h - 7. Let y be (12/10)/(i/5). What is g(y)?
6
Let f(w) = 11*w**3 + 2*w**2 - w - 2. Let x(z) = 2*z**2 - 35*z - 19. Let o be x(18). Let b be (o/2)/(2/4). Determine f(b).
-10
Let v(u) = u**2 + 2*u + 3. Suppose -13*r + 10*r = -12. Suppose -p + r*w = p + 20, 4*p = 4*w - 40. Let t be 6/(-8) - p/(-8). Calculate v(t).
3
Let w(k) = -k - 10. Let a(p) = -p**2 + 28*p + 98. Let h be a(29). Let q = h - 76. Determine w(q).
-3
Let d(b) = -41 + b + 36 + b. Let q be d(4). Suppose -q*h = -3*c + 24, 3*c + c - 5*h - 34 = 0. Let g(u) = u**2 - 8*u - 1. Calculate g(c).
-13
Suppose -4*z + 4 = -0*z - 3*r, z = r + 1. Let x be z*(-1 - 6) - (-100)/25. Let n be ((-64)/x)/8*-3. Let o(a) = -a**2 - 11*a - 12. Give o(n).
12
Let g(k) be the third derivative of k**5/60 + k**4/3 + 11*k**3/3 - 1186*k**2. Give g(-8).
22
Let b(k) = 3*k**3 + 45*k**2 + 132*k - 4. Let c be b(-4). Let d(o) be the first derivative of o**2 + 6*o + 1. What is d(c)?
-2
Let o be (-4)/(-10) - 0 - 10044/(-540). Suppose 12 = -15*u + o*u. Let q(s) = -s**2 + 7*s. Give q(u).
12
Suppose 0 = 3*f + 2*y + y - 21, 2*f + y = 13. Let w(q) = -f + 8 + q + 1 - 5. Let g be 1/((-3 - -4)*1) - 1. What is w(g)?
-2
Let f(o) = -o**3 + 35*o**2 + 2*o - 64. Let t = 577 - 542. Let i be f(t). Let v(m) = -m**3 - m**2 + 1. Let b(g) = 7*g**2. Let r(w) = b(w) + v(w). What is r(i)?
1
Suppose -10 = -2*o + 3*v, o + v - 3 + 8 = 0. Let f(z) = -1 - 3 - 1310*z + 2 - z**2 + 1308*z. Give f(o).
-1
Let a(n) = 93*n - 11715. Let v be a(126). Let z(h) be the second derivative of -45*h + 7/6*h**v + 0 + 1/2*h**4 + 1/20*h**5 + 7/2*h**2. Give z(-5).
-3
Suppose 0 = -2*l + 2*x - 120, 307 = -5*l - 0*x - 2*x. Let d = l - -61. Suppose 27 = -3*t + 3*r, 0 = 2*r - 6 - d. Let k(n) = n**2 + 4*n + 9. What is k(t)?
21
Let x(r) = r + 12. Let u(d) = 6*d - 46. Let g be u(9). Determine x(g).
20
Let q(c) = -c**3 - 4*c**2 + 6*c + 7. Let y be q(-5). Let m(s) = 1 - s + y*s + 1 - 2*s. Let a = -10914 + 10916. Determine m(a).
0
Let x(v) = v**3 + 6*v**2 + 6*v - 3. Let u = -10276 + 10270. What is x(u)?
-39
Let f(v) = v**3 - 11*v**2 + v - 10. Let w = 188 - 17. Let l = -1266 - -1294. Suppose -13*p + w = l. Determine f(p).
1
Let d(x) = -x**3 - 7*x**2 - 6*x - 8. Let g = 17 + 23. Suppose 2*i - s = -2*s + 35, 3*i - g = -4*s. Suppose 6*n + i = -16. Determine d(n).
-8
Let i(y) = -y + 1. Let l(z) = -19*z + 3. Let q(x) = 2*i(x) - l(x). Suppose 0 = 2*p - 2*r - 10, 40*r - 41*r - 8